{"id":981,"date":"2022-10-07T15:33:30","date_gmt":"2022-10-07T18:33:30","guid":{"rendered":"https:\/\/isfdmburucuya-crr.infd.edu.ar\/sitio\/?page_id=981"},"modified":"2022-10-08T18:54:00","modified_gmt":"2022-10-08T21:54:00","slug":"capacitacion-en-lengua-inglesa","status":"publish","type":"page","link":"https:\/\/isfdmburucuya-crr.infd.edu.ar\/sitio\/capacitacion-en-lengua-inglesa\/","title":{"rendered":"Capacitaci\u00f3n en Lengua Inglesa"},"content":{"rendered":"\n<p><strong>DURACI\u00d3N:<\/strong> 3 a\u00f1os<\/p>\n\n\n\n<p><strong>PLAN DE ESTUDIOS<\/strong><\/p>\n\n\n\n<figure class=\"wp-block-table\"><table><tbody><tr><td><strong>PRIMER A\u00d1O<\/strong><\/td><\/tr><tr><td><strong>ASIGNATURAS<\/strong><\/td><td><strong>HORAS C\u00c1TEDRA<\/strong><\/td><td><strong>R\u00c9GIMEN<\/strong><\/td><\/tr><tr><td>LENGUA<\/td><td>TRES (3)<\/td><td>ANUAL<\/td><\/tr><tr><td>GRAM\u00c1TICA<\/td><td>DOS (2)<\/td><td>ANUAL<\/td><\/tr><tr><td>LITERATURA<\/td><td>DOS (2)<\/td><td>ANUAL<\/td><\/tr><tr><td><strong>SEGUNDO A\u00d1O<\/strong><\/td><\/tr><tr><td><strong>ASIGNATURAS<\/strong><\/td><td><strong>HORAS C\u00c1TEDRA<\/strong><\/td><td><strong>R\u00c9GIMEN<\/strong><\/td><\/tr><tr><td>LENGUA<\/td><td>TRES (3)<\/td><td>ANUAL<\/td><\/tr><tr><td>GRAM\u00c1TICA<\/td><td>DOS (2)<\/td><td>ANUAL<\/td><\/tr><tr><td>LITERATURA<\/td><td>DOS (2)<\/td><td>ANUAL<\/td><\/tr><tr><td>FON\u00c9TICA Y DICCI\u00d3N<\/td><td>DOS (2)<\/td><td>ANUAL<\/td><\/tr><tr><td><strong>TERCER A\u00d1O<\/strong><\/td><\/tr><tr><td><strong>ASIGNATURAS<\/strong><\/td><td><strong>HORAS C\u00c1TEDRA<\/strong><\/td><td><strong>R\u00c9GIMEN<\/strong><\/td><\/tr><tr><td>LENGUA Y GRAM\u00c1TICA<\/td><td>TRES (3)<\/td><td>ANUAL<\/td><\/tr><tr><td>LITERATURA<\/td><td>DOS (2)<\/td><td>ANUAL<\/td><\/tr><tr><td>FON\u00c9TICA Y DICCI\u00d3N<\/td><td>DOS (2)<\/td><td>ANUAL<\/td><\/tr><tr><td>TALLER DE METODOLOG\u00cdA Y ENSE\u00d1ANZA DE LA LENGUA<\/td><td>DOS (2)<\/td><td>ANUAL<\/td><\/tr><\/tbody><\/table><\/figure>\n","protected":false},"excerpt":{"rendered":"<p>DURACI\u00d3N: 3 a\u00f1os PLAN DE ESTUDIOS PRIMER A\u00d1O ASIGNATURAS HORAS C\u00c1TEDRA R\u00c9GIMEN LENGUA TRES (3) ANUAL GRAM\u00c1TICA DOS (2) ANUAL LITERATURA DOS (2) ANUAL SEGUNDO A\u00d1O ASIGNATURAS HORAS C\u00c1TEDRA R\u00c9GIMEN LENGUA TRES (3) ANUAL GRAM\u00c1TICA DOS (2) ANUAL LITERATURA DOS (2) ANUAL FON\u00c9TICA Y DICCI\u00d3N DOS (2) ANUAL TERCER A\u00d1O ASIGNATURAS HORAS C\u00c1TEDRA R\u00c9GIMEN LENGUA &#8230; <a title=\"Capacitaci\u00f3n en Lengua Inglesa\" class=\"read-more\" href=\"https:\/\/isfdmburucuya-crr.infd.edu.ar\/sitio\/capacitacion-en-lengua-inglesa\/\" aria-label=\"More on Capacitaci\u00f3n en Lengua Inglesa\">[+]<\/a><\/p>\n","protected":false},"author":10,"featured_media":0,"parent":0,"menu_order":0,"comment_status":"closed","ping_status":"closed","template":"","meta":[],"acf":[],"_links":{"self":[{"href":"https:\/\/isfdmburucuya-crr.infd.edu.ar\/sitio\/wp-json\/wp\/v2\/pages\/981"}],"collection":[{"href":"https:\/\/isfdmburucuya-crr.infd.edu.ar\/sitio\/wp-json\/wp\/v2\/pages"}],"about":[{"href":"https:\/\/isfdmburucuya-crr.infd.edu.ar\/sitio\/wp-json\/wp\/v2\/types\/page"}],"author":[{"embeddable":true,"href":"https:\/\/isfdmburucuya-crr.infd.edu.ar\/sitio\/wp-json\/wp\/v2\/users\/10"}],"replies":[{"embeddable":true,"href":"https:\/\/isfdmburucuya-crr.infd.edu.ar\/sitio\/wp-json\/wp\/v2\/comments?post=981"}],"version-history":[{"count":3,"href":"https:\/\/isfdmburucuya-crr.infd.edu.ar\/sitio\/wp-json\/wp\/v2\/pages\/981\/revisions"}],"predecessor-version":[{"id":1004,"href":"https:\/\/isfdmburucuya-crr.infd.edu.ar\/sitio\/wp-json\/wp\/v2\/pages\/981\/revisions\/1004"}],"wp:attachment":[{"href":"https:\/\/isfdmburucuya-crr.infd.edu.ar\/sitio\/wp-json\/wp\/v2\/media?parent=981"}],"curies":[{"name":"wp","href":"https:\/\/api.w.org\/{rel}","templated":true}]}}