{"id":972,"date":"2022-10-07T15:31:49","date_gmt":"2022-10-07T18:31:49","guid":{"rendered":"https:\/\/isfdmburucuya-crr.infd.edu.ar\/sitio\/?page_id=972"},"modified":"2022-10-08T19:13:48","modified_gmt":"2022-10-08T22:13:48","slug":"tecnicatura-superior-en-desarrollo-de-software","status":"publish","type":"page","link":"https:\/\/isfdmburucuya-crr.infd.edu.ar\/sitio\/tecnicatura-superior-en-desarrollo-de-software\/","title":{"rendered":"Tecnicatura Superior en Desarrollo de Software"},"content":{"rendered":"\n<p><strong>IDENTIFICACI\u00d3N del T\u00cdTULO<\/strong><\/p>\n\n\n\n<p><strong>Sector de la actividad socio productiva<\/strong>: Inform\u00e1tica.<\/p>\n\n\n\n<p><strong> Denominaci\u00f3n del perfil profesional<\/strong>: Desarrollador de Software.<\/p>\n\n\n\n<p><strong>Familia profesional: <\/strong>Inform\u00e1tica.<\/p>\n\n\n\n<p><strong> Denominaci\u00f3n del T\u00edtulo de referencia<\/strong>: T\u00e9cnico Superior en Desarrollo de Software.<\/p>\n\n\n\n<p><strong>Nivel y \u00e1mbito de la trayectoria formativa<\/strong>: nivel superior de la modalidad de la Educaci\u00f3n T\u00e9cnico Profesional<\/p>\n\n\n\n<p><strong>PERFIL del PROFESIONAL<\/strong><\/p>\n\n\n\n<p><strong><em><u>Alcance del Perfil Profesional<\/u><\/em><\/strong><strong><em>:<\/em><\/strong><\/p>\n\n\n\n<p><em>El T\u00e9cnico Superior en Desarrollo de Software estar\u00e1 capacitado para producir artefactos de software, lo que comprende su dise\u00f1o detallado, construcci\u00f3n -reutilizando elementos existentes o program\u00e1ndolos enteramente- y verificaci\u00f3n unitaria, as\u00ed como su depuraci\u00f3n, optimizaci\u00f3n y mantenimiento; desarrollando las actividades descriptas en el perfil profesional y cumpliendo con los criterios de realizaci\u00f3n establecidos para las mismas en el marco de un equipo de trabajo organizado por proyecto.<\/em><\/p>\n\n\n\n<p><strong>Plan de Estudios<\/strong><\/p>\n\n\n\n<figure class=\"wp-block-image size-large\"><img decoding=\"async\" loading=\"lazy\" width=\"677\" height=\"581\" src=\"https:\/\/isfdmburucuya-crr.infd.edu.ar\/sitio\/wp-content\/uploads\/2022\/10\/image.png\" alt=\"\" class=\"wp-image-991\"\/><\/figure>\n","protected":false},"excerpt":{"rendered":"<p>IDENTIFICACI\u00d3N del T\u00cdTULO Sector de la actividad socio productiva: Inform\u00e1tica. Denominaci\u00f3n del perfil profesional: Desarrollador de Software. Familia profesional: Inform\u00e1tica. Denominaci\u00f3n del T\u00edtulo de referencia: T\u00e9cnico Superior en Desarrollo de Software. Nivel y \u00e1mbito de la trayectoria formativa: nivel superior de la modalidad de la Educaci\u00f3n T\u00e9cnico Profesional PERFIL del PROFESIONAL Alcance del Perfil Profesional: &#8230; <a title=\"Tecnicatura Superior en Desarrollo de Software\" class=\"read-more\" href=\"https:\/\/isfdmburucuya-crr.infd.edu.ar\/sitio\/tecnicatura-superior-en-desarrollo-de-software\/\" aria-label=\"More on Tecnicatura Superior en Desarrollo de Software\">[+]<\/a><\/p>\n","protected":false},"author":10,"featured_media":0,"parent":0,"menu_order":0,"comment_status":"closed","ping_status":"closed","template":"","meta":[],"acf":[],"_links":{"self":[{"href":"https:\/\/isfdmburucuya-crr.infd.edu.ar\/sitio\/wp-json\/wp\/v2\/pages\/972"}],"collection":[{"href":"https:\/\/isfdmburucuya-crr.infd.edu.ar\/sitio\/wp-json\/wp\/v2\/pages"}],"about":[{"href":"https:\/\/isfdmburucuya-crr.infd.edu.ar\/sitio\/wp-json\/wp\/v2\/types\/page"}],"author":[{"embeddable":true,"href":"https:\/\/isfdmburucuya-crr.infd.edu.ar\/sitio\/wp-json\/wp\/v2\/users\/10"}],"replies":[{"embeddable":true,"href":"https:\/\/isfdmburucuya-crr.infd.edu.ar\/sitio\/wp-json\/wp\/v2\/comments?post=972"}],"version-history":[{"count":4,"href":"https:\/\/isfdmburucuya-crr.infd.edu.ar\/sitio\/wp-json\/wp\/v2\/pages\/972\/revisions"}],"predecessor-version":[{"id":1005,"href":"https:\/\/isfdmburucuya-crr.infd.edu.ar\/sitio\/wp-json\/wp\/v2\/pages\/972\/revisions\/1005"}],"wp:attachment":[{"href":"https:\/\/isfdmburucuya-crr.infd.edu.ar\/sitio\/wp-json\/wp\/v2\/media?parent=972"}],"curies":[{"name":"wp","href":"https:\/\/api.w.org\/{rel}","templated":true}]}}