{"id":895,"date":"2020-03-18T11:43:52","date_gmt":"2020-03-18T14:43:52","guid":{"rendered":"https:\/\/isfdmburucuya-crr.infd.edu.ar\/sitio\/?page_id=895"},"modified":"2023-04-24T15:51:04","modified_gmt":"2023-04-24T18:51:04","slug":"carreras-docentes","status":"publish","type":"page","link":"https:\/\/isfdmburucuya-crr.infd.edu.ar\/sitio\/carreras-docentes\/","title":{"rendered":"Carreras Docentes"},"content":{"rendered":"\n<p>Actualmente, el I.S.F.D. Mburucuy\u00e1 cuenta con las siguientes carreras docentes:<\/p>\n\n\n\n<p><strong>Profesorado de Educaci\u00f3n Secundaria en Lengua y Literatura:<\/strong> Cohortes 2019 y 2020.<\/p>\n\n\n\n<p><strong>Profesorado de Educaci\u00f3n Secundaria en Matem\u00e1tica: <\/strong>Cohortes 2021 y 2022.<\/p>\n\n\n\n<p><strong>Profesorado de Educaci\u00f3n Secundaria<\/strong> <strong>en Historia: <\/strong>Cohortes 2023.<\/p>\n","protected":false},"excerpt":{"rendered":"<p>Actualmente, el I.S.F.D. Mburucuy\u00e1 cuenta con las siguientes carreras docentes: Profesorado de Educaci\u00f3n Secundaria en Lengua y Literatura: Cohortes 2019 y 2020. Profesorado de Educaci\u00f3n Secundaria en Matem\u00e1tica: Cohortes 2021 y 2022. Profesorado de Educaci\u00f3n Secundaria en Historia: Cohortes 2023.<\/p>\n","protected":false},"author":10,"featured_media":0,"parent":0,"menu_order":0,"comment_status":"closed","ping_status":"closed","template":"","meta":[],"acf":[],"_links":{"self":[{"href":"https:\/\/isfdmburucuya-crr.infd.edu.ar\/sitio\/wp-json\/wp\/v2\/pages\/895"}],"collection":[{"href":"https:\/\/isfdmburucuya-crr.infd.edu.ar\/sitio\/wp-json\/wp\/v2\/pages"}],"about":[{"href":"https:\/\/isfdmburucuya-crr.infd.edu.ar\/sitio\/wp-json\/wp\/v2\/types\/page"}],"author":[{"embeddable":true,"href":"https:\/\/isfdmburucuya-crr.infd.edu.ar\/sitio\/wp-json\/wp\/v2\/users\/10"}],"replies":[{"embeddable":true,"href":"https:\/\/isfdmburucuya-crr.infd.edu.ar\/sitio\/wp-json\/wp\/v2\/comments?post=895"}],"version-history":[{"count":3,"href":"https:\/\/isfdmburucuya-crr.infd.edu.ar\/sitio\/wp-json\/wp\/v2\/pages\/895\/revisions"}],"predecessor-version":[{"id":1049,"href":"https:\/\/isfdmburucuya-crr.infd.edu.ar\/sitio\/wp-json\/wp\/v2\/pages\/895\/revisions\/1049"}],"wp:attachment":[{"href":"https:\/\/isfdmburucuya-crr.infd.edu.ar\/sitio\/wp-json\/wp\/v2\/media?parent=895"}],"curies":[{"name":"wp","href":"https:\/\/api.w.org\/{rel}","templated":true}]}}